 h?
3
Suppose -5*x = -46 - 14. What is the highest common divisor of x and 3?
3
Suppose 0 = 2*u - 6, -h - 2*u + 42 = 3*h. Calculate the highest common factor of h and 9.
9
Let u = 614 + -284. Suppose -b = -6*b + u. Suppose b = 5*f - 24. What is the highest common factor of f and 90?
18
Let h(b) = 5*b**2 + 4. Let t(v) = 4*v**2 - v + 4. Let w(d) = 5*h(d) - 6*t(d). Let i be w(-8). What is the highest common divisor of i and 84?
12
Let p be 18*-1*(-98)/21. Calculate the highest common factor of p and 36.
12
Suppose 0 = -2*y + 3*y. Let j(n) = -n**2 + 13. Let l be j(y). Calculate the greatest common factor of l and 13.
13
Let u = -62 - -87. Let w(y) = 21*y**2 - 4*y + 4. Let o(x) = -x**2 - 1. Let p(t) = 3*o(t) + w(t). Let q be p(-3). Calculate the highest common factor of u and q.
25
Suppose -2*a + 7 = -3*k - 3*a, 3*k + 19 = 5*a. Let p = -2 - k. Let j = 5 - p. Calculate the highest common factor of j and 4.
4
Let x = 9 + -11. Let f be 5 + (x - -3)*-1. Suppose -3*l = -f*a + 222, 5*a - l - 14 = 258. Calculate the highest common divisor of 6 and a.
6
Suppose 0 = -r - 3*r + 72. Suppose 0 = -4*i + x + r, i = x - 4*x + 11. Let l(j) = -16*j - 8. Let q be l(-3). Calculate the highest common divisor of q and i.
5
Let q be (-20)/(-9) - (-6)/(-27). Suppose 0 = -q*o - 3*o + 4*u + 60, -u = -5. Suppose 6*g - g - 120 = 0. Calculate the greatest common factor of o and g.
8
Let j(h) = -h**2 + 6*h - 2. Let v be j(7). Let f be 66/10 + v/15. Suppose -66 = 4*q - 5*q. What is the greatest common factor of f and q?
6
Let g = -7 + 12. Suppose 9 = 3*j - u - 24, -5*j - 4*u = -38. Let n = j - g. What is the highest common factor of n and 55?
5
Suppose 2*s - 3 = -5*n, 5*s + 0 = 3*n + 85. Calculate the highest common factor of s and 98.
14
Let i(f) = 32*f - 48. Let p(l) = -1. Let t(r) = -i(r) + 48*p(r). Let z be t(-2). What is the highest common factor of 8 and z?
8
Suppose 3*f - 145 - 71 = 0. Calculate the greatest common factor of f and 8.
8
Suppose 4*x = -2*u + 50, 0 = 4*x - 5*u - 16 + 1. What is the highest common factor of 15 and x?
5
Let r be (-6)/(-12)*(-6)/(-1) - -87. Let o be -23*(-1)/(-3)*3. Let x = -14 - o. Calculate the greatest common factor of x and r.
9
Let p(t) = 2*t**3 + t**2. Let d be p(3). Let n be (-432)/10 - 6/(-30). Let x = n - -85. Calculate the highest common divisor of d and x.
21
Let d = 20 + -19. What is the greatest common divisor of 8 and d?
1
Suppose 4*z = 5*f + 593, 4*f + 635 + 104 = 5*z. Calculate the highest common divisor of z and 42.
21
Suppose 20 = 4*t + 4*k, 2*k - 5 = 5*t - 16. Let b(n) = 11*n - 6*n - 4*n - 1. Let i be b(t). Calculate the highest common divisor of i and 10.
2
Suppose -5*l = -5*r + 375, -5*r + 52 = -2*l - 314. Calculate the highest common factor of 96 and r.
24
Suppose -3*u - 3*t = 2*t - 47, -4*u = 2*t - 58. What is the greatest common divisor of 56 and u?
14
Let u be 0 - (-4)/8*6. Calculate the highest common factor of 33 and u.
3
Let i(c) be the first derivative of c**2 - 3*c + 1. Let t be i(5). Calculate the highest common divisor of t and 28.
7
Let q(y) = 2*y**2 - 5*y - 2. Let g be q(4). Let m(k) = -k**2 + 11*k - 4. Let t be m(g). Let u be 3/t*18*3. What is the highest common factor of 9 and u?
9
Suppose 9 = 5*f - 2*o - 6, 3*f = 5*o - 10. Suppose 0 = -5*q - 3*t + 814, q = -f*t - 0*t + 176. What is the highest common divisor of q and 23?
23
Let v = 21 - 17. Calculate the highest common divisor of v and 8.
4
Let g = 629 + -437. Calculate the highest common factor of g and 24.
24
Let v = 107 + -38. Calculate the highest common divisor of v and 23.
23
Let d = 21 + -16. Calculate the highest common divisor of 40 and d.
5
Let a(p) = 24*p - 3. Let y be a(-5). Let n be (-2)/(6/y) - 3. What is the highest common divisor of n and 19?
19
Suppose 0*h - 3*i = h - 14, 2*h + 3*i - 31 = 0. What is the greatest common factor of 136 and h?
17
Suppose 0 = 2*k - 7*k - 25, 5*b - 2*k = 150. Suppose 4*r - 16 = b. Calculate the highest common divisor of 11 and r.
11
Suppose 2*h + 3*q - 2*q = 0, -q = 4. Calculate the highest common divisor of 16 and h.
2
Let z(b) be the second derivative of -b**5/20 - b**4/2 + 5*b**3/6 - 7*b**2/2 - 4*b. Let u be z(-7). Calculate the greatest common factor of 28 and u.
7
Let i be (-1 - -12)*16 - 0. What is the highest common divisor of i and 16?
16
Let w be ((-1)/7 + 17/21)*51. What is the highest common divisor of 170 and w?
34
Let n(s) = -12*s - 4. Suppose 4*l = -0*l - 8. Let i be n(l). Calculate the highest common factor of 20 and i.
20
Let v(t) = -t. Let j be v(-3). Suppose 5*b + 5*z = 70, 2*b + 2*z = j*b - 2. What is the highest common divisor of b and 20?
10
Let m be 5 - (-4 + (-20)/(-4)). Calculate the greatest common factor of 8 and m.
4
Suppose -3*g = 5*j + g - 65, 2*j + g - 29 = 0. Calculate the highest common factor of j and 136.
17
Let w be 3/9 + 70/6. Suppose -a + 1 - 14 = -5*c, -3*c = 3*a - 51. Calculate the greatest common factor of a and w.
12
Suppose -2*m + 48 = 3*d - 0*d, d - 5*m = 33. Let i(c) = -4 - 5 + 5 - 6 + 4*c. Let r be i(16). Calculate the highest common factor of r and d.
18
Let n = -7 - -12. Let h = n - 3. Calculate the greatest common factor of 2 and h.
2
Let n(r) = -14*r**3 - r**2 - 2*r - 2. Let c = -2 - 0. Let k be n(c). Calculate the highest common factor of k and 10.
10
Suppose 3*z + 0*u = 3*u + 15, -4 = z + 2*u. Suppose 0 = y - z*y, 48 = 2*n - y. Calculate the highest common divisor of n and 12.
12
Let j = 79 + -72. What is the highest common factor of j and 91?
7
Let t = 49 - 25. Let m = t - -6. What is the greatest common factor of m and 75?
15
Suppose 0 = -j - 2, 0 = 5*r - 3*j - 6 - 65. What is the greatest common factor of 104 and r?
13
Suppose -3*m + 0*m + 8 = r, -2*r + 2*m + 16 = 0. Calculate the greatest common factor of 32 and r.
8
Let l be (4/(-6))/((-2)/180). Suppose -m = 3*m - l. Calculate the greatest common divisor of m and 135.
15
Let t be (2 + -2 - 0)/1. Suppose t = 3*p + 12, -3*u + 76 = p - 2*p. Let w be 4/(-10) + (272/20)/4. Calculate the greatest common factor of w and u.
3
Let r = 29 - 16. Calculate the highest common divisor of 91 and r.
13
Let y(f) = 3*f + 3. Let j be y(-2). Let i be (-34)/(-6) - j/9. Suppose -2*l + 5*p - 3*p = -4, -3*l + p = -8. What is the greatest common divisor of l and i?
3
Let v(j) = j**2 + 5. Let o be v(0). Suppose 0*l = -o*l + 200. Calculate the highest common divisor of 20 and l.
20
Let v be (-1)/((1 + -4)/(-33)). Let h be 1/(-5) + v/(-5). What is the highest common divisor of h and 10?
2
Let b = -3 + 11. Suppose 0 = -4*u - 1 + 21. Suppose q + u*g = -8, 5*q - 4*q + g = 0. Calculate the greatest common factor of b and q.
2
Let b = 2 - -14. Suppose -p - b - 25 = 0. Let c = -16 - p. What is the greatest common divisor of c and 10?
5
Let z = 5 + -2. Let m = -8 + 10. Let w = m + z. Calculate the highest common divisor of w and 15.
5
Let a(k) = k + 9. Let l be a(-6). Let p = 6 - l. Calculate the highest common factor of p and 3.
3
Suppose -2*y = -0*y - 2*k - 10, 6 = 2*y - k. Let i be ((-8)/10)/(y/10). Let p = i + 16. Calculate the greatest common divisor of 16 and p.
8
Let i = 38 - 17. Let q = i - 9. What is the greatest common factor of q and 8?
4
Suppose -u + 73 - 17 = 0. Let v(l) = 6*l**2 + 2*l - 1. Let w be v(1). Calculate the highest common factor of u and w.
7
Let i be -1*(-28)/5 + 2/5. What is the greatest common factor of i and 21?
3
Suppose 1 = -4*p + 33. Calculate the highest common divisor of p and 72.
8
Suppose u = s - 16, 3*s - u = s + 28. Let j = 5 + -1. Suppose 0*p - j*p + 3*b + 9 = 0, 0 = p - 5*b + 2. Calculate the greatest common factor of p and s.
3
Let n be -1 + 0 - (-67 + -1). Let j = n + 31. Let z(t) = 2*t**2 - 30*t - 54. Let y be z(17). What is the highest common divisor of y and j?
14
Let t be (-24)/180 - 347/(-15). What is the greatest common divisor of 46 and t?
23
Suppose 4*n + 545 = 5*f, 4*n - f + 290 = -251. Let q = 205 + n. Calculate the highest common divisor of q and 10.
10
Let m = 2 + -2. Suppose 2*c - 4*d = -c + 19, 3*c - 5*d - 20 = m. What is the greatest common divisor of c and 5?
5
Let z(b) = b**3 + 13*b**2 + 12*b + 2. Let h be z(-12). Suppose 0 = -h*d + 6*d - 4*l - 40, l + 22 = 2*d. Calculate the highest common factor of d and 18.
6
Let r(h) = -41*h**2 - 2*h + 1. Let w = 3 + -2. Let q be r(w). Let n 